{"id":117,"date":"2013-03-25T12:15:49","date_gmt":"2013-03-25T12:15:49","guid":{"rendered":"http:\/\/www.saccisica.net\/?page_id=117"},"modified":"2018-03-31T22:52:19","modified_gmt":"2018-03-31T20:52:19","slug":"angelo-beolco-il-ruzante","status":"publish","type":"page","link":"https:\/\/customer-88-99-224-156.brandprotection.zone\/saccisica-v2\/arte-e-cultura-in-saccisica\/angelo-beolco-il-ruzante\/","title":{"rendered":"Angelo Beolco &#8220;Il Ruzante&#8221;"},"content":{"rendered":"<p style=\"text-align: justify;\"><img decoding=\"async\" class=\"alignleft wp-image-451 size-full\" src=\"https:\/\/customer-88-99-224-156.brandprotection.zone\/saccisica-v2\/wp-content\/uploads\/sites\/7\/2013\/03\/ruzante.jpg\" alt=\"Ruzante: Angelo Beolco detto il Ruzante\" width=\"250\" height=\"333\" srcset=\"https:\/\/customer-88-99-224-156.brandprotection.zone\/saccisica-v2\/wp-content\/uploads\/sites\/7\/2013\/03\/ruzante.jpg 250w, https:\/\/customer-88-99-224-156.brandprotection.zone\/saccisica-v2\/wp-content\/uploads\/sites\/7\/2013\/03\/ruzante-225x300.jpg 225w\" sizes=\"(max-width: 250px) 100vw, 250px\" \/>Angelo Beolco detto Ruzzante o Ruzante (Padova o forse Pernumia, 1496? \u2013 Padova, 17 marzo 1542) \u00e8 stato un drammaturgo, attore e scrittore italiano.<\/p>\n<p style=\"text-align: justify;\">Figlio naturale del medico Giovan Francesco Beolco, professore presso la facolt\u00e0 di medicina dell&#8217;Universit\u00e0 di Padova, ebbe una lunga e proficua collaborazione con l&#8217;amico <strong>Alvise Cornaro<\/strong>, ricco proprietario terriero e letterato. Autore di numerosi trattati di architettura e di agraria, il Cornaro rappresenta un&#8217;importante figura di intellettuale proprio per il carattere &#8220;laico&#8221; del suo operato. Con l&#8217;intento di rappresentare alla corte dei cugini Marco e Franco, cardinali, la realt\u00e0 del contado, commission\u00f2 a Ruzante le due orazioni. Quando consegu\u00ec il traguardo di amministratore del vescovato padovano, ridusse l&#8217;amico al ruolo di fattore, per poi tornare a rivalutarlo dopo che l&#8217;incarico gli era stato revocato.<\/p>\n<h2>Il Mistero della nascita di Ruzante<\/h2>\n<p style=\"text-align: justify;\">Riguardo alla data di nascita sussistono ancora numerosi dubbi e non \u00e8 stato ancora possibile rinvenire un documento attestante una data certa di nascita di Angelo Beolco. \u00c8 vero, tuttavia, che, nel corso degli ultimi trent&#8217;anni circa, le ricerche archivistiche (specialmente per merito di due studiosi veneti, <strong>Menegazzo e Sambin<\/strong>) hanno permesso di retrodatare progressivamente la nascita di Angelo Beolco, che ora si ritiene possa essere stata intorno al 1496. Il Beolco, infatti, appare come teste in documenti notarili successivi di una ventina d&#8217;anni: per farlo doveva, secondo la legge, avere gi\u00e0 raggiunto la maggiore et\u00e0, che all&#8217;epoca era di venticinque anni. Se consideriamo che l&#8217;atto notarile di delega da parte del padre quale curatore degli affari famiglia risale al 1521, il conto \u00e8 presto fatto.<\/p>\n<p style=\"text-align: justify;\"><strong>\u00c8 ignoto anche il luogo di nascita<\/strong>, sebbene nella Prima Orazione si legga: <em>de quigi, sa\u00ecu, che se ciama dotore, perch\u00e9, se gi \u00e8 igi do-tore, a&#8217; ghe son mi tre de le tore<\/em> (di quelli, sapete, che si chiamano dottori, perch\u00e9, se hanno due-torri, ci sono io che ho tre torri); \u00e8 al riguardo probabile che richiamasse lo stemma araldico di <strong>Pernumia<\/strong>, che reca, appunto, tre torri e che secondo questa interpretazione dovrebbe essere, appunto, il luogo di nascita.<\/p>\n<p style=\"text-align: justify;\">Soggiorn\u00f2 a <a href=\"https:\/\/customer-88-99-224-156.brandprotection.zone\/saccisica-v2\/il-territorio-della-saccisica\/comuni-della-saccisica-codevigo\/\">Codevigo<\/a> per lungo tempo, <strong>durante il quale produsse molte delle sue principali opere<\/strong><\/p>\n<p style=\"text-align: justify;\">Mor\u00ec a Padova in casa del Cornaro il 17 marzo 1542. Alvise Cornaro, in un suo scritto, attribu\u00ec la morte del Ruzzante ai troppi &#8220;disordini&#8221; e alle &#8220;dissipatezze&#8221;, accreditando cos\u00ec l&#8217;immagine di un commediografo sregolato, probabilmente non coincidente con il vero. Dal tono della dichiarazione, si intende che il Cornaro ambisse pi\u00f9 ad elogiare s\u00e9 stesso, che non a commiserare l&#8217;amico defunto, e che intendesse compiacere anche l&#8217;amico Sperone Speroni (il testo \u00e8 contenuto appunto in una lettera rivolta a lui), che occupava un ruolo di rilievo nella Padova dell&#8217;epoca. Il Cornaro, d&#8217;altra parte, teorico della vita sobria, arriv\u00f2 a disporre per s\u00e9 di essere sepolto &#8220;con Ruzzante e messer Giovanni Maria Falconetto&#8221;, anche per sottolineare il legame intercorso con i due.<\/p>\n<p style=\"text-align: justify;\">Una lapide funeraria commemorativa \u00e8 posta nella chiesetta di San Daniele in Padova, mentre nella casa di fronte si individua il sito della residenza padovana dell&#8217;autore.<\/p>\n<blockquote>\n<p style=\"text-align: justify;\">Vuoi saperne di pi\u00f9 ? Vedi anche il sito <a title=\"Sito web ufficiale sul ruzante\" href=\"http:\/\/www.ruzante.it\" target=\"_blank\" rel=\"noopener\">http:\/\/www.ruzante.it<\/a><\/p>\n<\/blockquote>\n<p>&nbsp;<\/p>\n","protected":false},"excerpt":{"rendered":"<p>Angelo Beolco detto Ruzzante o Ruzante (Padova o forse Pernumia, 1496? \u2013 Padova, 17 marzo 1542) \u00e8 stato un drammaturgo, attore e scrittore italiano. Figlio naturale del medico Giovan Francesco Beolco, professore presso la facolt\u00e0 di medicina dell&#8217;Universit\u00e0 di Padova, ebbe una lunga e proficua collaborazione con l&#8217;amico Alvise Cornaro, ricco proprietario terriero e letterato. [&hellip;]<\/p>\n","protected":false},"author":1,"featured_media":0,"parent":93,"menu_order":0,"comment_status":"open","ping_status":"open","template":"","meta":{"footnotes":""},"class_list":["post-117","page","type-page","status-publish","hentry"],"yoast_head":"<!-- This site is optimized with the Yoast SEO plugin v24.7 - https:\/\/yoast.com\/wordpress\/plugins\/seo\/ -->\n<title>Saccisica | VisitSaccisica | Ruzante nella Saccisica<\/title>\n<meta name=\"description\" content=\"Angelo Beolco detto Il Ruzante: la Sua vita e le testimonianze nel territorio della Saccisica, specialmente nel territorio di Codevigo\" \/>\n<meta name=\"robots\" content=\"index, follow, max-snippet:-1, max-image-preview:large, max-video-preview:-1\" \/>\n<link rel=\"canonical\" href=\"https:\/\/customer-88-99-224-156.brandprotection.zone\/saccisica-v2\/arte-e-cultura-in-saccisica\/angelo-beolco-il-ruzante\/\" \/>\n<meta property=\"og:locale\" content=\"it_IT\" \/>\n<meta property=\"og:type\" content=\"article\" \/>\n<meta property=\"og:title\" content=\"Saccisica | VisitSaccisica | Ruzante nella Saccisica\" \/>\n<meta property=\"og:description\" content=\"Angelo Beolco detto Il Ruzante: la Sua vita e le testimonianze nel territorio della Saccisica, specialmente nel territorio di Codevigo\" \/>\n<meta property=\"og:url\" content=\"https:\/\/customer-88-99-224-156.brandprotection.zone\/saccisica-v2\/arte-e-cultura-in-saccisica\/angelo-beolco-il-ruzante\/\" \/>\n<meta property=\"og:site_name\" content=\"Visit Saccisica | Turismo e territorio della Saccisica\" \/>\n<meta property=\"article:modified_time\" content=\"2018-03-31T20:52:19+00:00\" \/>\n<meta property=\"og:image\" content=\"https:\/\/customer-88-99-224-156.brandprotection.zone\/saccisica-v2\/wp-content\/uploads\/sites\/7\/2013\/03\/ruzante.jpg\" \/>\n<meta name=\"twitter:card\" content=\"summary_large_image\" \/>\n<meta name=\"twitter:label1\" content=\"Tempo di lettura stimato\" \/>\n\t<meta name=\"twitter:data1\" content=\"3 minuti\" \/>\n<script type=\"application\/ld+json\" class=\"yoast-schema-graph\">{\"@context\":\"https:\/\/schema.org\",\"@graph\":[{\"@type\":\"WebPage\",\"@id\":\"https:\/\/customer-88-99-224-156.brandprotection.zone\/saccisica-v2\/arte-e-cultura-in-saccisica\/angelo-beolco-il-ruzante\/\",\"url\":\"https:\/\/customer-88-99-224-156.brandprotection.zone\/saccisica-v2\/arte-e-cultura-in-saccisica\/angelo-beolco-il-ruzante\/\",\"name\":\"Saccisica | VisitSaccisica | Ruzante nella Saccisica\",\"isPartOf\":{\"@id\":\"https:\/\/customer-88-99-224-156.brandprotection.zone\/saccisica-v2\/#website\"},\"primaryImageOfPage\":{\"@id\":\"https:\/\/customer-88-99-224-156.brandprotection.zone\/saccisica-v2\/arte-e-cultura-in-saccisica\/angelo-beolco-il-ruzante\/#primaryimage\"},\"image\":{\"@id\":\"https:\/\/customer-88-99-224-156.brandprotection.zone\/saccisica-v2\/arte-e-cultura-in-saccisica\/angelo-beolco-il-ruzante\/#primaryimage\"},\"thumbnailUrl\":\"https:\/\/customer-88-99-224-156.brandprotection.zone\/saccisica-v2\/wp-content\/uploads\/sites\/7\/2013\/03\/ruzante.jpg\",\"datePublished\":\"2013-03-25T12:15:49+00:00\",\"dateModified\":\"2018-03-31T20:52:19+00:00\",\"description\":\"Angelo Beolco detto Il Ruzante: la Sua vita e le testimonianze nel territorio della Saccisica, specialmente nel territorio di Codevigo\",\"breadcrumb\":{\"@id\":\"https:\/\/customer-88-99-224-156.brandprotection.zone\/saccisica-v2\/arte-e-cultura-in-saccisica\/angelo-beolco-il-ruzante\/#breadcrumb\"},\"inLanguage\":\"it-IT\",\"potentialAction\":[{\"@type\":\"ReadAction\",\"target\":[\"https:\/\/customer-88-99-224-156.brandprotection.zone\/saccisica-v2\/arte-e-cultura-in-saccisica\/angelo-beolco-il-ruzante\/\"]}]},{\"@type\":\"ImageObject\",\"inLanguage\":\"it-IT\",\"@id\":\"https:\/\/customer-88-99-224-156.brandprotection.zone\/saccisica-v2\/arte-e-cultura-in-saccisica\/angelo-beolco-il-ruzante\/#primaryimage\",\"url\":\"https:\/\/customer-88-99-224-156.brandprotection.zone\/saccisica-v2\/wp-content\/uploads\/sites\/7\/2013\/03\/ruzante.jpg\",\"contentUrl\":\"https:\/\/customer-88-99-224-156.brandprotection.zone\/saccisica-v2\/wp-content\/uploads\/sites\/7\/2013\/03\/ruzante.jpg\",\"width\":250,\"height\":333},{\"@type\":\"BreadcrumbList\",\"@id\":\"https:\/\/customer-88-99-224-156.brandprotection.zone\/saccisica-v2\/arte-e-cultura-in-saccisica\/angelo-beolco-il-ruzante\/#breadcrumb\",\"itemListElement\":[{\"@type\":\"ListItem\",\"position\":1,\"name\":\"Home\",\"item\":\"https:\/\/customer-88-99-224-156.brandprotection.zone\/saccisica-v2\/\"},{\"@type\":\"ListItem\",\"position\":2,\"name\":\"Personaggi della Saccisica\",\"item\":\"https:\/\/customer-88-99-224-156.brandprotection.zone\/saccisica-v2\/arte-e-cultura-in-saccisica\/\"},{\"@type\":\"ListItem\",\"position\":3,\"name\":\"Angelo Beolco &#8220;Il Ruzante&#8221;\"}]},{\"@type\":\"WebSite\",\"@id\":\"https:\/\/customer-88-99-224-156.brandprotection.zone\/saccisica-v2\/#website\",\"url\":\"https:\/\/customer-88-99-224-156.brandprotection.zone\/saccisica-v2\/\",\"name\":\"Visit Saccisica | Turismo e territorio della Saccisica\",\"description\":\"VisitSaccisica, 100% privata by TerritoriOnline SRL | +39 049 4906747\",\"potentialAction\":[{\"@type\":\"SearchAction\",\"target\":{\"@type\":\"EntryPoint\",\"urlTemplate\":\"https:\/\/customer-88-99-224-156.brandprotection.zone\/saccisica-v2\/?s={search_term_string}\"},\"query-input\":{\"@type\":\"PropertyValueSpecification\",\"valueRequired\":true,\"valueName\":\"search_term_string\"}}],\"inLanguage\":\"it-IT\"}]}<\/script>\n<!-- \/ Yoast SEO plugin. -->","yoast_head_json":{"title":"Saccisica | VisitSaccisica | Ruzante nella Saccisica","description":"Angelo Beolco detto Il Ruzante: la Sua vita e le testimonianze nel territorio della Saccisica, specialmente nel territorio di Codevigo","robots":{"index":"index","follow":"follow","max-snippet":"max-snippet:-1","max-image-preview":"max-image-preview:large","max-video-preview":"max-video-preview:-1"},"canonical":"https:\/\/customer-88-99-224-156.brandprotection.zone\/saccisica-v2\/arte-e-cultura-in-saccisica\/angelo-beolco-il-ruzante\/","og_locale":"it_IT","og_type":"article","og_title":"Saccisica | VisitSaccisica | Ruzante nella Saccisica","og_description":"Angelo Beolco detto Il Ruzante: la Sua vita e le testimonianze nel territorio della Saccisica, specialmente nel territorio di Codevigo","og_url":"https:\/\/customer-88-99-224-156.brandprotection.zone\/saccisica-v2\/arte-e-cultura-in-saccisica\/angelo-beolco-il-ruzante\/","og_site_name":"Visit Saccisica | Turismo e territorio della Saccisica","article_modified_time":"2018-03-31T20:52:19+00:00","og_image":[{"url":"https:\/\/customer-88-99-224-156.brandprotection.zone\/saccisica-v2\/wp-content\/uploads\/sites\/7\/2013\/03\/ruzante.jpg","type":"","width":"","height":""}],"twitter_card":"summary_large_image","twitter_misc":{"Tempo di lettura stimato":"3 minuti"},"schema":{"@context":"https:\/\/schema.org","@graph":[{"@type":"WebPage","@id":"https:\/\/customer-88-99-224-156.brandprotection.zone\/saccisica-v2\/arte-e-cultura-in-saccisica\/angelo-beolco-il-ruzante\/","url":"https:\/\/customer-88-99-224-156.brandprotection.zone\/saccisica-v2\/arte-e-cultura-in-saccisica\/angelo-beolco-il-ruzante\/","name":"Saccisica | VisitSaccisica | Ruzante nella Saccisica","isPartOf":{"@id":"https:\/\/customer-88-99-224-156.brandprotection.zone\/saccisica-v2\/#website"},"primaryImageOfPage":{"@id":"https:\/\/customer-88-99-224-156.brandprotection.zone\/saccisica-v2\/arte-e-cultura-in-saccisica\/angelo-beolco-il-ruzante\/#primaryimage"},"image":{"@id":"https:\/\/customer-88-99-224-156.brandprotection.zone\/saccisica-v2\/arte-e-cultura-in-saccisica\/angelo-beolco-il-ruzante\/#primaryimage"},"thumbnailUrl":"https:\/\/customer-88-99-224-156.brandprotection.zone\/saccisica-v2\/wp-content\/uploads\/sites\/7\/2013\/03\/ruzante.jpg","datePublished":"2013-03-25T12:15:49+00:00","dateModified":"2018-03-31T20:52:19+00:00","description":"Angelo Beolco detto Il Ruzante: la Sua vita e le testimonianze nel territorio della Saccisica, specialmente nel territorio di Codevigo","breadcrumb":{"@id":"https:\/\/customer-88-99-224-156.brandprotection.zone\/saccisica-v2\/arte-e-cultura-in-saccisica\/angelo-beolco-il-ruzante\/#breadcrumb"},"inLanguage":"it-IT","potentialAction":[{"@type":"ReadAction","target":["https:\/\/customer-88-99-224-156.brandprotection.zone\/saccisica-v2\/arte-e-cultura-in-saccisica\/angelo-beolco-il-ruzante\/"]}]},{"@type":"ImageObject","inLanguage":"it-IT","@id":"https:\/\/customer-88-99-224-156.brandprotection.zone\/saccisica-v2\/arte-e-cultura-in-saccisica\/angelo-beolco-il-ruzante\/#primaryimage","url":"https:\/\/customer-88-99-224-156.brandprotection.zone\/saccisica-v2\/wp-content\/uploads\/sites\/7\/2013\/03\/ruzante.jpg","contentUrl":"https:\/\/customer-88-99-224-156.brandprotection.zone\/saccisica-v2\/wp-content\/uploads\/sites\/7\/2013\/03\/ruzante.jpg","width":250,"height":333},{"@type":"BreadcrumbList","@id":"https:\/\/customer-88-99-224-156.brandprotection.zone\/saccisica-v2\/arte-e-cultura-in-saccisica\/angelo-beolco-il-ruzante\/#breadcrumb","itemListElement":[{"@type":"ListItem","position":1,"name":"Home","item":"https:\/\/customer-88-99-224-156.brandprotection.zone\/saccisica-v2\/"},{"@type":"ListItem","position":2,"name":"Personaggi della Saccisica","item":"https:\/\/customer-88-99-224-156.brandprotection.zone\/saccisica-v2\/arte-e-cultura-in-saccisica\/"},{"@type":"ListItem","position":3,"name":"Angelo Beolco &#8220;Il Ruzante&#8221;"}]},{"@type":"WebSite","@id":"https:\/\/customer-88-99-224-156.brandprotection.zone\/saccisica-v2\/#website","url":"https:\/\/customer-88-99-224-156.brandprotection.zone\/saccisica-v2\/","name":"Visit Saccisica | Turismo e territorio della Saccisica","description":"VisitSaccisica, 100% privata by TerritoriOnline SRL | +39 049 4906747","potentialAction":[{"@type":"SearchAction","target":{"@type":"EntryPoint","urlTemplate":"https:\/\/customer-88-99-224-156.brandprotection.zone\/saccisica-v2\/?s={search_term_string}"},"query-input":{"@type":"PropertyValueSpecification","valueRequired":true,"valueName":"search_term_string"}}],"inLanguage":"it-IT"}]}},"_links":{"self":[{"href":"https:\/\/customer-88-99-224-156.brandprotection.zone\/saccisica-v2\/wp-json\/wp\/v2\/pages\/117","targetHints":{"allow":["GET"]}}],"collection":[{"href":"https:\/\/customer-88-99-224-156.brandprotection.zone\/saccisica-v2\/wp-json\/wp\/v2\/pages"}],"about":[{"href":"https:\/\/customer-88-99-224-156.brandprotection.zone\/saccisica-v2\/wp-json\/wp\/v2\/types\/page"}],"author":[{"embeddable":true,"href":"https:\/\/customer-88-99-224-156.brandprotection.zone\/saccisica-v2\/wp-json\/wp\/v2\/users\/1"}],"replies":[{"embeddable":true,"href":"https:\/\/customer-88-99-224-156.brandprotection.zone\/saccisica-v2\/wp-json\/wp\/v2\/comments?post=117"}],"version-history":[{"count":6,"href":"https:\/\/customer-88-99-224-156.brandprotection.zone\/saccisica-v2\/wp-json\/wp\/v2\/pages\/117\/revisions"}],"predecessor-version":[{"id":8001,"href":"https:\/\/customer-88-99-224-156.brandprotection.zone\/saccisica-v2\/wp-json\/wp\/v2\/pages\/117\/revisions\/8001"}],"up":[{"embeddable":true,"href":"https:\/\/customer-88-99-224-156.brandprotection.zone\/saccisica-v2\/wp-json\/wp\/v2\/pages\/93"}],"wp:attachment":[{"href":"https:\/\/customer-88-99-224-156.brandprotection.zone\/saccisica-v2\/wp-json\/wp\/v2\/media?parent=117"}],"curies":[{"name":"wp","href":"https:\/\/api.w.org\/{rel}","templated":true}]}}