{"id":29,"date":"2013-03-24T14:41:16","date_gmt":"2013-03-24T14:41:16","guid":{"rendered":"http:\/\/www.saccisica.net\/?page_id=29"},"modified":"2020-02-27T14:27:45","modified_gmt":"2020-02-27T13:27:45","slug":"il-territorio-della-saccisica","status":"publish","type":"page","link":"https:\/\/customer-88-99-224-156.brandprotection.zone\/saccisica-v2\/il-territorio-della-saccisica\/","title":{"rendered":"Territorio della Saccisica"},"content":{"rendered":"<h2 style=\"text-align: justify;\">Dove si trova la Saccisica?<\/h2>\n<p style=\"text-align: justify;\">Il territorio della Saccisica si trova in <strong>Veneto<\/strong> e si estende a sud-est della <strong><a href=\"http:\/\/www.provincia.pd.it\" target=\"_blank\" rel=\"noopener noreferrer\">provincia di Padova<\/a> e a sud ovest della <a href=\"https:\/\/www.cittametropolitana.ve.it\/\" target=\"_blank\" rel=\"noopener noreferrer\">provincia di Venezia<\/a> su una superficie di circa 250 Kmq<\/strong>. I comuni che la compongono sono esattamente 10: Piove di Sacco, la &#8220;capitale storica&#8221; del territorio Saccense, <a href=\"https:\/\/customer-88-99-224-156.brandprotection.zone\/saccisica-v2\/comuni-della-saccisica\/comuni-della-saccisica-arzergrande\/\">Arzergrande<\/a>, <a href=\"https:\/\/customer-88-99-224-156.brandprotection.zone\/saccisica-v2\/comuni-della-saccisica\/comuni-della-sacisica-bovolenta\/\">Bovolenta<\/a>, <a href=\"https:\/\/customer-88-99-224-156.brandprotection.zone\/saccisica-v2\/comuni-della-saccisica\/comuni-della-saccisica-brugine\/\">Brugine<\/a>, <a href=\"https:\/\/customer-88-99-224-156.brandprotection.zone\/saccisica-v2\/comuni-della-saccisica\/comuni-della-saccisica-codevigo\/\">Codevigo<\/a>, <a href=\"https:\/\/customer-88-99-224-156.brandprotection.zone\/saccisica-v2\/comuni-della-saccisica\/comuni-della-saccisica-correzzola\/\">Correzzola<\/a>, <a href=\"https:\/\/customer-88-99-224-156.brandprotection.zone\/saccisica-v2\/comuni-della-saccisica\/comuni-della-saccisica-legnaro\/\">Legnaro<\/a>, <a href=\"https:\/\/customer-88-99-224-156.brandprotection.zone\/saccisica-v2\/comuni-della-saccisica\/comuni-della-saccisica-polverara\/\">Polverara<\/a>, <a href=\"https:\/\/customer-88-99-224-156.brandprotection.zone\/saccisica-v2\/comuni-della-saccisica\/comuni-della-saccisica-pontelongo\/\">Pontelongo<\/a>, <a href=\"https:\/\/customer-88-99-224-156.brandprotection.zone\/saccisica-v2\/comuni-della-saccisica\/comuni-della-saccisicasantangelo-di-piove-di-sacco\/\">Sant&#8217;Angelo di Piove di Sacco<\/a>.<\/p>\n<p style=\"text-align: justify;\">Si pu\u00f2 dire quindi che la terra della Saccisica sia compresa nell&#8217;area<strong> delimitata dai corsi d&#8217;acqua Cornio e Brenta<\/strong> che ne segnano i confini su tre lati, il quarto lato \u00e8 invece rappresentato dalla laguna a ridosso di Chioggia.<\/p>\n<p style=\"text-align: justify;\">Il territorio della Saccisica, ovunque pianeggiante, \u00e8 solcato da vari fiumi che spesso sono stati &#8220;protagonisti&#8221; della storia passata e recente della Saccisica. Sicuramente il Bacchiglione, il Brenta, il Fiumicello, La Paltana, La Barbegara, Il Nuovissimo, hanno aiutato l&#8217;agricoltura, attivit\u00e0 tradizionale da secoli, contribuendo a mantenere floride e produttive le estese campagne che ancora oggi sono presenti appena fuori dai centri abitati.<\/p>\n<h2>Il territorio della Saccisica: tra terra ed acque<\/h2>\n<p style=\"text-align: justify;\">I campi dominano il paesaggio nelle zone appena fuori le citt\u00e0. In inverno, la foschia li rende ancora pi\u00f9 magici e misteriosi coprendoli di colori tenui. L&#8217;architettura \u00e8 caratterizzata spesso da fattorie, antiche case padronali talvolta abbandonate a favore di ben pi\u00f9 sontuose e moderne villette.<\/p>\n<p style=\"text-align: justify;\"><a href=\"\/product-category\/itinerari\/\">Poche pedalate in bicicletta<\/a>, per ritrovare tesori nascosti e viaggiare con la fantasia, pensare a tempi lontani, a uomini e donne tenaci, a lavoratori instancabili. &#8230;Gli stessi che ci hanno permesso di arrivare qui, su internet, utilizzando tecnologie d&#8217;avanguardia, passando tra due guerre&#8230; La Saccisica \u00e8 anche qualcos&#8217;altro: accanto alle attivit\u00e0 tradizionali, si sono sviluppate dal dopoguerra ad oggi numerose realt\u00e0 imprenditoriali. Le imprese, all&#8217;inizio di natura artigianale e di piccole dimensioni, si sono velocemente evolute esprimendo uomini ed imprenditori dalle grandissime capacit\u00e0 professionali conosciuti in tutto il mondo.<\/p>\n<hr \/>\n<blockquote>\n<p style=\"text-align: justify;\"><strong>Da dove deriva il nome Saccisica?<\/strong> <a href=\"\/la-storia-della-saccisica\/saccisica-le-origini-di-un-nome\/\">Leggi l&#8217;origine del nome Saccisica<\/a><\/p>\n<\/blockquote>\n\n\n<h3 class=\"wp-block-heading\">Cosa trovi all&#8217;interno del nostro sito sulla Saccisica?<\/h3>\n\n\n\n<p>Attraverso questo sito troverai le principali informazioni sul nostro fantastico territorio:<\/p>\n\n\n\n<ul class=\"wp-block-list\"><li><a href=\"\/da-visitare\/\">Luoghi e punti di interesse<\/a><\/li><li><a href=\"\/da-fare\/\">Eventi della Saccisica<\/a><\/li><li><a href=\"\/attivita-della-saccisica\/\">Attivit\u00e0<\/a><\/li><li><a href=\"\/product-category\/itinerari\/\">Itinerari scaricabili in formato GPX per app mobile e navigatori satellitari<\/a><\/li><\/ul>\n","protected":false},"excerpt":{"rendered":"<p>Dove si trova la Saccisica? Il territorio della Saccisica si trova in Veneto e si estende a sud-est della provincia di Padova e a sud ovest della provincia di Venezia su una superficie di circa 250 Kmq. I comuni che la compongono sono esattamente 10: Piove di Sacco, la &#8220;capitale storica&#8221; del territorio Saccense, Arzergrande, [&hellip;]<\/p>\n","protected":false},"author":1,"featured_media":351,"parent":0,"menu_order":0,"comment_status":"open","ping_status":"open","template":"","meta":{"footnotes":""},"class_list":["post-29","page","type-page","status-publish","has-post-thumbnail","hentry"],"yoast_head":"<!-- This site is optimized with the Yoast SEO plugin v24.7 - https:\/\/yoast.com\/wordpress\/plugins\/seo\/ -->\n<title>Il Territorio della Saccisica , Tra Padova e la Laguna di Chioggia<\/title>\n<meta name=\"description\" content=\"Il territorio della Saccisica: tra Padova, la Riviera del Brenta e Chioggia, offre una natura incontaminata, ville e percorsi Benedettini\" \/>\n<meta name=\"robots\" content=\"index, follow, max-snippet:-1, max-image-preview:large, max-video-preview:-1\" \/>\n<link rel=\"canonical\" href=\"https:\/\/customer-88-99-224-156.brandprotection.zone\/saccisica-v2\/il-territorio-della-saccisica\/\" \/>\n<meta property=\"og:locale\" content=\"it_IT\" \/>\n<meta property=\"og:type\" content=\"article\" \/>\n<meta property=\"og:title\" content=\"Il Territorio della Saccisica , Tra Padova e la Laguna di Chioggia\" \/>\n<meta property=\"og:description\" content=\"Il territorio della Saccisica: tra Padova, la Riviera del Brenta e Chioggia, offre una natura incontaminata, ville e percorsi Benedettini\" \/>\n<meta property=\"og:url\" content=\"https:\/\/customer-88-99-224-156.brandprotection.zone\/saccisica-v2\/il-territorio-della-saccisica\/\" \/>\n<meta property=\"og:site_name\" content=\"Visit Saccisica | Turismo e territorio della Saccisica\" \/>\n<meta property=\"article:modified_time\" content=\"2020-02-27T13:27:45+00:00\" \/>\n<meta property=\"og:image\" content=\"https:\/\/customer-88-99-224-156.brandprotection.zone\/saccisica-v2\/wp-content\/uploads\/sites\/7\/2013\/03\/laguna03-e1364307448303.jpg\" \/>\n\t<meta property=\"og:image:width\" content=\"1716\" \/>\n\t<meta property=\"og:image:height\" content=\"1129\" \/>\n\t<meta property=\"og:image:type\" content=\"image\/jpeg\" \/>\n<meta name=\"twitter:card\" content=\"summary_large_image\" \/>\n<meta name=\"twitter:label1\" content=\"Tempo di lettura stimato\" \/>\n\t<meta name=\"twitter:data1\" content=\"2 minuti\" \/>\n<script type=\"application\/ld+json\" class=\"yoast-schema-graph\">{\"@context\":\"https:\/\/schema.org\",\"@graph\":[{\"@type\":\"WebPage\",\"@id\":\"https:\/\/customer-88-99-224-156.brandprotection.zone\/saccisica-v2\/il-territorio-della-saccisica\/\",\"url\":\"https:\/\/customer-88-99-224-156.brandprotection.zone\/saccisica-v2\/il-territorio-della-saccisica\/\",\"name\":\"Il Territorio della Saccisica , Tra Padova e la Laguna di Chioggia\",\"isPartOf\":{\"@id\":\"https:\/\/customer-88-99-224-156.brandprotection.zone\/saccisica-v2\/#website\"},\"primaryImageOfPage\":{\"@id\":\"https:\/\/customer-88-99-224-156.brandprotection.zone\/saccisica-v2\/il-territorio-della-saccisica\/#primaryimage\"},\"image\":{\"@id\":\"https:\/\/customer-88-99-224-156.brandprotection.zone\/saccisica-v2\/il-territorio-della-saccisica\/#primaryimage\"},\"thumbnailUrl\":\"https:\/\/customer-88-99-224-156.brandprotection.zone\/saccisica-v2\/wp-content\/uploads\/sites\/7\/2013\/03\/laguna03-e1364307448303.jpg\",\"datePublished\":\"2013-03-24T14:41:16+00:00\",\"dateModified\":\"2020-02-27T13:27:45+00:00\",\"description\":\"Il territorio della Saccisica: tra Padova, la Riviera del Brenta e Chioggia, offre una natura incontaminata, ville e percorsi Benedettini\",\"breadcrumb\":{\"@id\":\"https:\/\/customer-88-99-224-156.brandprotection.zone\/saccisica-v2\/il-territorio-della-saccisica\/#breadcrumb\"},\"inLanguage\":\"it-IT\",\"potentialAction\":[{\"@type\":\"ReadAction\",\"target\":[\"https:\/\/customer-88-99-224-156.brandprotection.zone\/saccisica-v2\/il-territorio-della-saccisica\/\"]}]},{\"@type\":\"ImageObject\",\"inLanguage\":\"it-IT\",\"@id\":\"https:\/\/customer-88-99-224-156.brandprotection.zone\/saccisica-v2\/il-territorio-della-saccisica\/#primaryimage\",\"url\":\"https:\/\/customer-88-99-224-156.brandprotection.zone\/saccisica-v2\/wp-content\/uploads\/sites\/7\/2013\/03\/laguna03-e1364307448303.jpg\",\"contentUrl\":\"https:\/\/customer-88-99-224-156.brandprotection.zone\/saccisica-v2\/wp-content\/uploads\/sites\/7\/2013\/03\/laguna03-e1364307448303.jpg\",\"width\":1716,\"height\":1129,\"caption\":\"Codevigo Barena - Territorio della Saccisica\"},{\"@type\":\"BreadcrumbList\",\"@id\":\"https:\/\/customer-88-99-224-156.brandprotection.zone\/saccisica-v2\/il-territorio-della-saccisica\/#breadcrumb\",\"itemListElement\":[{\"@type\":\"ListItem\",\"position\":1,\"name\":\"Home\",\"item\":\"https:\/\/customer-88-99-224-156.brandprotection.zone\/saccisica-v2\/\"},{\"@type\":\"ListItem\",\"position\":2,\"name\":\"Territorio della Saccisica\"}]},{\"@type\":\"WebSite\",\"@id\":\"https:\/\/customer-88-99-224-156.brandprotection.zone\/saccisica-v2\/#website\",\"url\":\"https:\/\/customer-88-99-224-156.brandprotection.zone\/saccisica-v2\/\",\"name\":\"Visit Saccisica | Turismo e territorio della Saccisica\",\"description\":\"VisitSaccisica, 100% privata by TerritoriOnline SRL | +39 049 4906747\",\"potentialAction\":[{\"@type\":\"SearchAction\",\"target\":{\"@type\":\"EntryPoint\",\"urlTemplate\":\"https:\/\/customer-88-99-224-156.brandprotection.zone\/saccisica-v2\/?s={search_term_string}\"},\"query-input\":{\"@type\":\"PropertyValueSpecification\",\"valueRequired\":true,\"valueName\":\"search_term_string\"}}],\"inLanguage\":\"it-IT\"}]}<\/script>\n<!-- \/ Yoast SEO plugin. -->","yoast_head_json":{"title":"Il Territorio della Saccisica , Tra Padova e la Laguna di Chioggia","description":"Il territorio della Saccisica: tra Padova, la Riviera del Brenta e Chioggia, offre una natura incontaminata, ville e percorsi Benedettini","robots":{"index":"index","follow":"follow","max-snippet":"max-snippet:-1","max-image-preview":"max-image-preview:large","max-video-preview":"max-video-preview:-1"},"canonical":"https:\/\/customer-88-99-224-156.brandprotection.zone\/saccisica-v2\/il-territorio-della-saccisica\/","og_locale":"it_IT","og_type":"article","og_title":"Il Territorio della Saccisica , Tra Padova e la Laguna di Chioggia","og_description":"Il territorio della Saccisica: tra Padova, la Riviera del Brenta e Chioggia, offre una natura incontaminata, ville e percorsi Benedettini","og_url":"https:\/\/customer-88-99-224-156.brandprotection.zone\/saccisica-v2\/il-territorio-della-saccisica\/","og_site_name":"Visit Saccisica | Turismo e territorio della Saccisica","article_modified_time":"2020-02-27T13:27:45+00:00","og_image":[{"width":1716,"height":1129,"url":"https:\/\/customer-88-99-224-156.brandprotection.zone\/saccisica-v2\/wp-content\/uploads\/sites\/7\/2013\/03\/laguna03-e1364307448303.jpg","type":"image\/jpeg"}],"twitter_card":"summary_large_image","twitter_misc":{"Tempo di lettura stimato":"2 minuti"},"schema":{"@context":"https:\/\/schema.org","@graph":[{"@type":"WebPage","@id":"https:\/\/customer-88-99-224-156.brandprotection.zone\/saccisica-v2\/il-territorio-della-saccisica\/","url":"https:\/\/customer-88-99-224-156.brandprotection.zone\/saccisica-v2\/il-territorio-della-saccisica\/","name":"Il Territorio della Saccisica , Tra Padova e la Laguna di Chioggia","isPartOf":{"@id":"https:\/\/customer-88-99-224-156.brandprotection.zone\/saccisica-v2\/#website"},"primaryImageOfPage":{"@id":"https:\/\/customer-88-99-224-156.brandprotection.zone\/saccisica-v2\/il-territorio-della-saccisica\/#primaryimage"},"image":{"@id":"https:\/\/customer-88-99-224-156.brandprotection.zone\/saccisica-v2\/il-territorio-della-saccisica\/#primaryimage"},"thumbnailUrl":"https:\/\/customer-88-99-224-156.brandprotection.zone\/saccisica-v2\/wp-content\/uploads\/sites\/7\/2013\/03\/laguna03-e1364307448303.jpg","datePublished":"2013-03-24T14:41:16+00:00","dateModified":"2020-02-27T13:27:45+00:00","description":"Il territorio della Saccisica: tra Padova, la Riviera del Brenta e Chioggia, offre una natura incontaminata, ville e percorsi Benedettini","breadcrumb":{"@id":"https:\/\/customer-88-99-224-156.brandprotection.zone\/saccisica-v2\/il-territorio-della-saccisica\/#breadcrumb"},"inLanguage":"it-IT","potentialAction":[{"@type":"ReadAction","target":["https:\/\/customer-88-99-224-156.brandprotection.zone\/saccisica-v2\/il-territorio-della-saccisica\/"]}]},{"@type":"ImageObject","inLanguage":"it-IT","@id":"https:\/\/customer-88-99-224-156.brandprotection.zone\/saccisica-v2\/il-territorio-della-saccisica\/#primaryimage","url":"https:\/\/customer-88-99-224-156.brandprotection.zone\/saccisica-v2\/wp-content\/uploads\/sites\/7\/2013\/03\/laguna03-e1364307448303.jpg","contentUrl":"https:\/\/customer-88-99-224-156.brandprotection.zone\/saccisica-v2\/wp-content\/uploads\/sites\/7\/2013\/03\/laguna03-e1364307448303.jpg","width":1716,"height":1129,"caption":"Codevigo Barena - Territorio della Saccisica"},{"@type":"BreadcrumbList","@id":"https:\/\/customer-88-99-224-156.brandprotection.zone\/saccisica-v2\/il-territorio-della-saccisica\/#breadcrumb","itemListElement":[{"@type":"ListItem","position":1,"name":"Home","item":"https:\/\/customer-88-99-224-156.brandprotection.zone\/saccisica-v2\/"},{"@type":"ListItem","position":2,"name":"Territorio della Saccisica"}]},{"@type":"WebSite","@id":"https:\/\/customer-88-99-224-156.brandprotection.zone\/saccisica-v2\/#website","url":"https:\/\/customer-88-99-224-156.brandprotection.zone\/saccisica-v2\/","name":"Visit Saccisica | Turismo e territorio della Saccisica","description":"VisitSaccisica, 100% privata by TerritoriOnline SRL | +39 049 4906747","potentialAction":[{"@type":"SearchAction","target":{"@type":"EntryPoint","urlTemplate":"https:\/\/customer-88-99-224-156.brandprotection.zone\/saccisica-v2\/?s={search_term_string}"},"query-input":{"@type":"PropertyValueSpecification","valueRequired":true,"valueName":"search_term_string"}}],"inLanguage":"it-IT"}]}},"_links":{"self":[{"href":"https:\/\/customer-88-99-224-156.brandprotection.zone\/saccisica-v2\/wp-json\/wp\/v2\/pages\/29","targetHints":{"allow":["GET"]}}],"collection":[{"href":"https:\/\/customer-88-99-224-156.brandprotection.zone\/saccisica-v2\/wp-json\/wp\/v2\/pages"}],"about":[{"href":"https:\/\/customer-88-99-224-156.brandprotection.zone\/saccisica-v2\/wp-json\/wp\/v2\/types\/page"}],"author":[{"embeddable":true,"href":"https:\/\/customer-88-99-224-156.brandprotection.zone\/saccisica-v2\/wp-json\/wp\/v2\/users\/1"}],"replies":[{"embeddable":true,"href":"https:\/\/customer-88-99-224-156.brandprotection.zone\/saccisica-v2\/wp-json\/wp\/v2\/comments?post=29"}],"version-history":[{"count":8,"href":"https:\/\/customer-88-99-224-156.brandprotection.zone\/saccisica-v2\/wp-json\/wp\/v2\/pages\/29\/revisions"}],"predecessor-version":[{"id":16837,"href":"https:\/\/customer-88-99-224-156.brandprotection.zone\/saccisica-v2\/wp-json\/wp\/v2\/pages\/29\/revisions\/16837"}],"wp:featuredmedia":[{"embeddable":true,"href":"https:\/\/customer-88-99-224-156.brandprotection.zone\/saccisica-v2\/wp-json\/wp\/v2\/media\/351"}],"wp:attachment":[{"href":"https:\/\/customer-88-99-224-156.brandprotection.zone\/saccisica-v2\/wp-json\/wp\/v2\/media?parent=29"}],"curies":[{"name":"wp","href":"https:\/\/api.w.org\/{rel}","templated":true}]}}