{"id":793,"date":"2013-04-17T16:11:16","date_gmt":"2013-04-17T15:11:16","guid":{"rendered":"http:\/\/www.saccisica.net\/?page_id=793"},"modified":"2018-01-24T22:30:31","modified_gmt":"2018-01-24T21:30:31","slug":"renata-benvegnu","status":"publish","type":"page","link":"https:\/\/customer-88-99-224-156.brandprotection.zone\/saccisica-v2\/arte-e-cultura-in-saccisica\/renata-benvegnu\/","title":{"rendered":"Renata Benvegn\u00f9"},"content":{"rendered":"<p style=\"text-align: justify;\">Renata Benvegn\u00f9<strong> \u00e8 nata a Dolo nel 1986<\/strong> ed ha studiato al Conservatorio A. Buzzolla di Adria dove si \u00e8 Diplomata con il massimo dei voti, la lode e la menzione speciale sotto la guida dei maestri Federica Righini e Giampaolo Nuti.<\/p>\n\n\t\t\t<div>\n\t\t\t<style type='text\/css'>\n\t\t\t\t#gallery-1 {\n\t\t\t\t\tmargin: auto;\n\t\t\t\t}\n\t\t\t\t#gallery-1 .gallery-item {\n\t\t\t\t\tfloat: left;\n\t\t\t\t\tmargin-top: 10px;\n\t\t\t\t\ttext-align: center;\n\t\t\t\t\twidth: 33%;\n\t\t\t\t}\n\t\t\t\t#gallery-1 img {\n\t\t\t\t\tborder: 2px solid #cfcfcf;\n\t\t\t\t}\n\t\t\t\t#gallery-1 .gallery-caption {\n\t\t\t\t\tmargin-left: 0;\n\t\t\t\t}\n\t\t\t\t\/* see gallery_shortcode() in wp-includes\/media.php *\/\n\t\t\t<\/style><\/div>\n\t\t<div id='gallery-1' class='gallery galleryid-793 gallery-columns-3 gallery-size-thumbnail'><div class=\"gallery-inner-wrapper\"><dl class='gallery-item'>\n\t\t\t\t<dt class='gallery-icon landscape'>\n\t\t\t\t\t<a href='https:\/\/customer-88-99-224-156.brandprotection.zone\/saccisica-v2\/wp-content\/uploads\/sites\/7\/2013\/04\/renata-foto-artistiche-2008-012.jpg'><img decoding=\"async\" width=\"150\" height=\"150\" src=\"https:\/\/customer-88-99-224-156.brandprotection.zone\/saccisica-v2\/wp-content\/uploads\/sites\/7\/2013\/04\/renata-foto-artistiche-2008-012-150x150.jpg\" class=\"attachment-thumbnail size-thumbnail\" alt=\"\" srcset=\"https:\/\/customer-88-99-224-156.brandprotection.zone\/saccisica-v2\/wp-content\/uploads\/sites\/7\/2013\/04\/renata-foto-artistiche-2008-012-150x150.jpg 150w, https:\/\/customer-88-99-224-156.brandprotection.zone\/saccisica-v2\/wp-content\/uploads\/sites\/7\/2013\/04\/renata-foto-artistiche-2008-012-100x100.jpg 100w\" sizes=\"(max-width: 150px) 100vw, 150px\" \/><\/a>\n\t\t\t\t<\/dt><dd><\/dd><\/dl><dl class='gallery-item'>\n\t\t\t\t<dt class='gallery-icon portrait'>\n\t\t\t\t\t<a href='https:\/\/customer-88-99-224-156.brandprotection.zone\/saccisica-v2\/wp-content\/uploads\/sites\/7\/2013\/04\/renata-foto-.jpg'><img decoding=\"async\" width=\"150\" height=\"150\" src=\"https:\/\/customer-88-99-224-156.brandprotection.zone\/saccisica-v2\/wp-content\/uploads\/sites\/7\/2013\/04\/renata-foto--150x150.jpg\" class=\"attachment-thumbnail size-thumbnail\" alt=\"\" srcset=\"https:\/\/customer-88-99-224-156.brandprotection.zone\/saccisica-v2\/wp-content\/uploads\/sites\/7\/2013\/04\/renata-foto--150x150.jpg 150w, https:\/\/customer-88-99-224-156.brandprotection.zone\/saccisica-v2\/wp-content\/uploads\/sites\/7\/2013\/04\/renata-foto--100x100.jpg 100w\" sizes=\"(max-width: 150px) 100vw, 150px\" \/><\/a>\n\t\t\t\t<\/dt><dd><\/dd><\/dl><dl class='gallery-item'>\n\t\t\t\t<dt class='gallery-icon portrait'>\n\t\t\t\t\t<a href='https:\/\/customer-88-99-224-156.brandprotection.zone\/saccisica-v2\/wp-content\/uploads\/sites\/7\/2013\/04\/Copia-di-renata-foto-artistiche-2008-006.jpg'><img decoding=\"async\" width=\"150\" height=\"150\" src=\"https:\/\/customer-88-99-224-156.brandprotection.zone\/saccisica-v2\/wp-content\/uploads\/sites\/7\/2013\/04\/Copia-di-renata-foto-artistiche-2008-006-150x150.jpg\" class=\"attachment-thumbnail size-thumbnail\" alt=\"\" srcset=\"https:\/\/customer-88-99-224-156.brandprotection.zone\/saccisica-v2\/wp-content\/uploads\/sites\/7\/2013\/04\/Copia-di-renata-foto-artistiche-2008-006-150x150.jpg 150w, https:\/\/customer-88-99-224-156.brandprotection.zone\/saccisica-v2\/wp-content\/uploads\/sites\/7\/2013\/04\/Copia-di-renata-foto-artistiche-2008-006-100x100.jpg 100w\" sizes=\"(max-width: 150px) 100vw, 150px\" \/><\/a>\n\t\t\t\t<\/dt><dd><\/dd><\/dl><br style=\"clear: both\" \/>\n\t\t\t\t<br style='clear: both;' \/>\n\t\t\t<\/div><\/div>\n\n<p style=\"text-align: justify;\">Ha appena conseguito la Laurea Magistrale presso la prestigiosa <strong>Royal Academy of Music di Londra ottenendo il massimo dei voti<\/strong>, sotto la guida del m\u00b0 Christopher Elton.<\/p>\n<p style=\"text-align: justify;\">Nel 2011 ha conseguito il <strong>Diploma di alto perfezionamento pianistico con il massimo dei voti<\/strong> presso l\u2019Accademia Nazionale S.Cecilia di Roma dove ha studiato con il m\u00b0 Sergio Perticaroli.<\/p>\n<p style=\"text-align: justify;\">Si \u00e8 inoltre Diplomata in Musica da Camera presso l\u2019Accademia di Imola sotto la guida del m\u00b0 Piernarciso Masi. Nel 2010 ha studiato al Real Conservatorio Superiore di Musica di Madrid nella classe di Ana Guijaro e, nello stesso anno, ha superato un\u2019importante selezione (solo dieci i pianisti selezionati in tutto il mondo) che le ha permesso di ricevere una borsa di studio per <strong>frequentare la prestigiosa Music Academy of the West in California<\/strong>, dove ha studiato con il m\u00b0 Jerome Lowenthal ed ha partecipato al Summer Music Festival di Santa Barbara.<\/p>\n\n\t\t\t<div>\n\t\t\t<style type='text\/css'>\n\t\t\t\t#gallery-2 {\n\t\t\t\t\tmargin: auto;\n\t\t\t\t}\n\t\t\t\t#gallery-2 .gallery-item {\n\t\t\t\t\tfloat: left;\n\t\t\t\t\tmargin-top: 10px;\n\t\t\t\t\ttext-align: center;\n\t\t\t\t\twidth: 33%;\n\t\t\t\t}\n\t\t\t\t#gallery-2 img {\n\t\t\t\t\tborder: 2px solid #cfcfcf;\n\t\t\t\t}\n\t\t\t\t#gallery-2 .gallery-caption {\n\t\t\t\t\tmargin-left: 0;\n\t\t\t\t}\n\t\t\t\t\/* see gallery_shortcode() in wp-includes\/media.php *\/\n\t\t\t<\/style><\/div>\n\t\t<div id='gallery-2' class='gallery galleryid-793 gallery-columns-3 gallery-size-thumbnail'><div class=\"gallery-inner-wrapper\"><dl class='gallery-item'>\n\t\t\t\t<dt class='gallery-icon portrait'>\n\t\t\t\t\t<a href='https:\/\/customer-88-99-224-156.brandprotection.zone\/saccisica-v2\/wp-content\/uploads\/sites\/7\/2013\/04\/foto.jpg'><img decoding=\"async\" width=\"150\" height=\"150\" src=\"https:\/\/customer-88-99-224-156.brandprotection.zone\/saccisica-v2\/wp-content\/uploads\/sites\/7\/2013\/04\/foto-150x150.jpg\" class=\"attachment-thumbnail size-thumbnail\" alt=\"\" srcset=\"https:\/\/customer-88-99-224-156.brandprotection.zone\/saccisica-v2\/wp-content\/uploads\/sites\/7\/2013\/04\/foto-150x150.jpg 150w, https:\/\/customer-88-99-224-156.brandprotection.zone\/saccisica-v2\/wp-content\/uploads\/sites\/7\/2013\/04\/foto-100x100.jpg 100w\" sizes=\"(max-width: 150px) 100vw, 150px\" \/><\/a>\n\t\t\t\t<\/dt><dd><\/dd><\/dl><dl class='gallery-item'>\n\t\t\t\t<dt class='gallery-icon portrait'>\n\t\t\t\t\t<a href='https:\/\/customer-88-99-224-156.brandprotection.zone\/saccisica-v2\/wp-content\/uploads\/sites\/7\/2013\/04\/foto_renata_1.jpg'><img decoding=\"async\" width=\"150\" height=\"150\" src=\"https:\/\/customer-88-99-224-156.brandprotection.zone\/saccisica-v2\/wp-content\/uploads\/sites\/7\/2013\/04\/foto_renata_1-150x150.jpg\" class=\"attachment-thumbnail size-thumbnail\" alt=\"\" srcset=\"https:\/\/customer-88-99-224-156.brandprotection.zone\/saccisica-v2\/wp-content\/uploads\/sites\/7\/2013\/04\/foto_renata_1-150x150.jpg 150w, https:\/\/customer-88-99-224-156.brandprotection.zone\/saccisica-v2\/wp-content\/uploads\/sites\/7\/2013\/04\/foto_renata_1-100x100.jpg 100w\" sizes=\"(max-width: 150px) 100vw, 150px\" \/><\/a>\n\t\t\t\t<\/dt><dd><\/dd><\/dl><dl class='gallery-item'>\n\t\t\t\t<dt class='gallery-icon landscape'>\n\t\t\t\t\t<a href='https:\/\/customer-88-99-224-156.brandprotection.zone\/saccisica-v2\/wp-content\/uploads\/sites\/7\/2013\/04\/foto_renata_2.jpg'><img decoding=\"async\" width=\"150\" height=\"150\" src=\"https:\/\/customer-88-99-224-156.brandprotection.zone\/saccisica-v2\/wp-content\/uploads\/sites\/7\/2013\/04\/foto_renata_2-150x150.jpg\" class=\"attachment-thumbnail size-thumbnail\" alt=\"\" srcset=\"https:\/\/customer-88-99-224-156.brandprotection.zone\/saccisica-v2\/wp-content\/uploads\/sites\/7\/2013\/04\/foto_renata_2-150x150.jpg 150w, https:\/\/customer-88-99-224-156.brandprotection.zone\/saccisica-v2\/wp-content\/uploads\/sites\/7\/2013\/04\/foto_renata_2-100x100.jpg 100w\" sizes=\"(max-width: 150px) 100vw, 150px\" \/><\/a>\n\t\t\t\t<\/dt><dd><\/dd><\/dl><br style=\"clear: both\" \/>\n\t\t\t\t<br style='clear: both;' \/>\n\t\t\t<\/div><\/div>\n\n<p style=\"text-align: justify;\">La sua passione per le tematiche pedagogiche le ha permesso inoltre di conseguire brillantemente <strong>tre Lauree Specialistiche Abilitanti all\u2019insegnamento<\/strong> presso l\u2019Universit\u00e0 Ca\u2019 Foscari di Venezia ed il Conservatorio di Adria. Dunque, affianca all\u2019attivit\u00e0 concertistica anche l\u2019attivit\u00e0 didattica (ha insegnato ai Corsi di Formazione di Base del Conservatorio Pollini di Padova) ed \u00e8 direttrice artistica dell\u2019APS Orchestra Giovanile della Saccisica di Piove di Sacco, che le permette di organizzare il Concorso Nazionale di Esecuzione Musicale\u201cCitt\u00e0 di Piove di Sacco\u201d. Uno dei concorsi musicali pi\u00f9 importanti nel panorama Nazionale.<\/p>\n<p style=\"text-align: justify;\">Ha vinto il <strong>Primo Premio ed il Primo Premio Assoluto in pi\u00f9 di quaranta Concorsi Pianistici Nazionali ed Internazionali<\/strong>, tra questi il recentissimo \u201cPremio Pianistico Europeo Riviera di Rimini\u201d, il \u201cPremio Liszt\u201d al Concorso Internazionale di Verona, il prestigioso \u201cConcurso Internacional de piano de Ibiza\u201d in Spagna tra pi\u00f9 di 90 partecipanti, il Premio \u201cGiovani Talenti\u201d insignito dal Rotary Club, la Borsa di Studio \u201cSolti Foundation\u201d in Belgio ed il premio \u201cMiglior Diplomata d\u2019Italia\u201d alla rassegna di Castrocaro che le ha permesso di incidere un cd divulgato dal noto mensile per musicisti \u201cSuonare news\u201d.<\/p>\n<p style=\"text-align: justify;\"><strong>Ha un\u2019intensa attivit\u00e0 concertistica<\/strong> che la porta ad esibirsi con grande successo in Svizzera, in Inghilterra (St. James Piccadilly, Duke\u2019s Hall e Steinway Hall di Londra) in America (Hahn Hall e Lehinman Hall di Santa Barbara) in Spagna (Auditorium M.de Falla del Conservatorio di Madrid) ed in tutt\u2019Italia (Teatro di Marcello, Biblioteca Angelica di Roma, Auditorium Pollini e Studio Teologico del Santo di Padova, Circoli Ufficiali di Udine e Milano, Teatro dal Verme e Sala Puccini del Conservatorio di Milano, Teatro Astori di Mogliano Veneto, Teatro Malibran e Sale Apollinee del Teatro La Fenice di Venezia, Auditorium di Catania, Teatro comunale di Adria, Festival del Cinema di Agrigento, Fondazione Walton di Ischia ecc).<\/p>\n<p style=\"text-align: justify;\">Ha suonato come solista con l\u2019Orchestra di Padova e del Veneto, l\u2019Orchestra Giovanile della Saccisica, l\u2019Orchestra del Conservatorio di Adria e suona in numerose formazioni cameristiche, tra queste il Trio Chromatique composto da Ingrid Ruko, al violoncello e Giulia Lucrezia Brinkmeier al violino.<\/p>\n<p style=\"text-align: justify;\">Ha inoltre inciso un cd con l\u2019integrale dell\u2019opera pianistica di J.W. Bauman compositore Americano contemporaneo ed un cd con il \u201cTrio Chromatique\u201d pubblicato da \u201cMorandi Editore\u201d e disponibile su iTunes.<\/p>\n<p style=\"text-align: justify;\">A Settembre debutter\u00e0 alla Dae-Yang hall della Sejong University di Seoul in Sud Corea dove eseguir\u00e0 il Primo Concerto di Liszt per pianoforte e orchestra.<\/p>\n<h3 style=\"text-align: justify;\">Per approfondire:<\/h3>\n<ul>\n<li><a href=\"http:\/\/www.renatabenvegnu.it\" target=\"_blank\" rel=\"noopener\">www.renatabenvegnu.it<\/a><\/li>\n<li><a href=\"http:\/\/www.orchestragiovaniledellasaccisica.org\" target=\"_blank\" rel=\"noopener\">www.orchestragiovaniledellasaccisica.org<\/a><\/li>\n<\/ul>\n<p style=\"text-align: justify;\">\u00a0<\/p>\n","protected":false},"excerpt":{"rendered":"<p>Renata Benvegn\u00f9 \u00e8 nata a Dolo nel 1986 ed ha studiato al Conservatorio A. Buzzolla di Adria dove si \u00e8 Diplomata con il massimo dei voti, la lode e la menzione speciale sotto la guida dei maestri Federica Righini e Giampaolo Nuti. Ha appena conseguito la Laurea Magistrale presso la prestigiosa Royal Academy of Music [&hellip;]<\/p>\n","protected":false},"author":1,"featured_media":0,"parent":93,"menu_order":0,"comment_status":"open","ping_status":"open","template":"","meta":{"footnotes":""},"class_list":["post-793","page","type-page","status-publish","hentry"],"yoast_head":"<!-- This site is optimized with the Yoast SEO plugin v24.7 - https:\/\/yoast.com\/wordpress\/plugins\/seo\/ -->\n<title>Renata Benvegn\u00f9 - Visit Saccisica | Turismo e territorio della Saccisica<\/title>\n<meta name=\"robots\" content=\"index, follow, max-snippet:-1, max-image-preview:large, max-video-preview:-1\" \/>\n<link rel=\"canonical\" href=\"https:\/\/customer-88-99-224-156.brandprotection.zone\/saccisica-v2\/arte-e-cultura-in-saccisica\/renata-benvegnu\/\" \/>\n<meta property=\"og:locale\" content=\"it_IT\" \/>\n<meta property=\"og:type\" content=\"article\" \/>\n<meta property=\"og:title\" content=\"Renata Benvegn\u00f9 - Visit Saccisica | Turismo e territorio della Saccisica\" \/>\n<meta property=\"og:description\" content=\"Renata Benvegn\u00f9 \u00e8 nata a Dolo nel 1986 ed ha studiato al Conservatorio A. Buzzolla di Adria dove si \u00e8 Diplomata con il massimo dei voti, la lode e la menzione speciale sotto la guida dei maestri Federica Righini e Giampaolo Nuti. Ha appena conseguito la Laurea Magistrale presso la prestigiosa Royal Academy of Music [&hellip;]\" \/>\n<meta property=\"og:url\" content=\"https:\/\/customer-88-99-224-156.brandprotection.zone\/saccisica-v2\/arte-e-cultura-in-saccisica\/renata-benvegnu\/\" \/>\n<meta property=\"og:site_name\" content=\"Visit Saccisica | Turismo e territorio della Saccisica\" \/>\n<meta property=\"article:modified_time\" content=\"2018-01-24T21:30:31+00:00\" \/>\n<meta property=\"og:image\" content=\"https:\/\/customer-88-99-224-156.brandprotection.zone\/saccisica-v2\/wp-content\/uploads\/sites\/7\/2013\/04\/renata-foto-artistiche-2008-012-150x150.jpg\" \/>\n<meta name=\"twitter:card\" content=\"summary_large_image\" \/>\n<meta name=\"twitter:label1\" content=\"Tempo di lettura stimato\" \/>\n\t<meta name=\"twitter:data1\" content=\"3 minuti\" \/>\n<script type=\"application\/ld+json\" class=\"yoast-schema-graph\">{\"@context\":\"https:\/\/schema.org\",\"@graph\":[{\"@type\":\"WebPage\",\"@id\":\"https:\/\/customer-88-99-224-156.brandprotection.zone\/saccisica-v2\/arte-e-cultura-in-saccisica\/renata-benvegnu\/\",\"url\":\"https:\/\/customer-88-99-224-156.brandprotection.zone\/saccisica-v2\/arte-e-cultura-in-saccisica\/renata-benvegnu\/\",\"name\":\"Renata Benvegn\u00f9 - Visit Saccisica | Turismo e territorio della Saccisica\",\"isPartOf\":{\"@id\":\"https:\/\/customer-88-99-224-156.brandprotection.zone\/saccisica-v2\/#website\"},\"datePublished\":\"2013-04-17T15:11:16+00:00\",\"dateModified\":\"2018-01-24T21:30:31+00:00\",\"breadcrumb\":{\"@id\":\"https:\/\/customer-88-99-224-156.brandprotection.zone\/saccisica-v2\/arte-e-cultura-in-saccisica\/renata-benvegnu\/#breadcrumb\"},\"inLanguage\":\"it-IT\",\"potentialAction\":[{\"@type\":\"ReadAction\",\"target\":[\"https:\/\/customer-88-99-224-156.brandprotection.zone\/saccisica-v2\/arte-e-cultura-in-saccisica\/renata-benvegnu\/\"]}]},{\"@type\":\"BreadcrumbList\",\"@id\":\"https:\/\/customer-88-99-224-156.brandprotection.zone\/saccisica-v2\/arte-e-cultura-in-saccisica\/renata-benvegnu\/#breadcrumb\",\"itemListElement\":[{\"@type\":\"ListItem\",\"position\":1,\"name\":\"Home\",\"item\":\"https:\/\/customer-88-99-224-156.brandprotection.zone\/saccisica-v2\/\"},{\"@type\":\"ListItem\",\"position\":2,\"name\":\"Personaggi della Saccisica\",\"item\":\"https:\/\/customer-88-99-224-156.brandprotection.zone\/saccisica-v2\/arte-e-cultura-in-saccisica\/\"},{\"@type\":\"ListItem\",\"position\":3,\"name\":\"Renata Benvegn\u00f9\"}]},{\"@type\":\"WebSite\",\"@id\":\"https:\/\/customer-88-99-224-156.brandprotection.zone\/saccisica-v2\/#website\",\"url\":\"https:\/\/customer-88-99-224-156.brandprotection.zone\/saccisica-v2\/\",\"name\":\"Visit Saccisica | Turismo e territorio della Saccisica\",\"description\":\"VisitSaccisica, 100% privata by TerritoriOnline SRL | +39 049 4906747\",\"potentialAction\":[{\"@type\":\"SearchAction\",\"target\":{\"@type\":\"EntryPoint\",\"urlTemplate\":\"https:\/\/customer-88-99-224-156.brandprotection.zone\/saccisica-v2\/?s={search_term_string}\"},\"query-input\":{\"@type\":\"PropertyValueSpecification\",\"valueRequired\":true,\"valueName\":\"search_term_string\"}}],\"inLanguage\":\"it-IT\"}]}<\/script>\n<!-- \/ Yoast SEO plugin. -->","yoast_head_json":{"title":"Renata Benvegn\u00f9 - Visit Saccisica | Turismo e territorio della Saccisica","robots":{"index":"index","follow":"follow","max-snippet":"max-snippet:-1","max-image-preview":"max-image-preview:large","max-video-preview":"max-video-preview:-1"},"canonical":"https:\/\/customer-88-99-224-156.brandprotection.zone\/saccisica-v2\/arte-e-cultura-in-saccisica\/renata-benvegnu\/","og_locale":"it_IT","og_type":"article","og_title":"Renata Benvegn\u00f9 - Visit Saccisica | Turismo e territorio della Saccisica","og_description":"Renata Benvegn\u00f9 \u00e8 nata a Dolo nel 1986 ed ha studiato al Conservatorio A. Buzzolla di Adria dove si \u00e8 Diplomata con il massimo dei voti, la lode e la menzione speciale sotto la guida dei maestri Federica Righini e Giampaolo Nuti. Ha appena conseguito la Laurea Magistrale presso la prestigiosa Royal Academy of Music [&hellip;]","og_url":"https:\/\/customer-88-99-224-156.brandprotection.zone\/saccisica-v2\/arte-e-cultura-in-saccisica\/renata-benvegnu\/","og_site_name":"Visit Saccisica | Turismo e territorio della Saccisica","article_modified_time":"2018-01-24T21:30:31+00:00","og_image":[{"url":"https:\/\/customer-88-99-224-156.brandprotection.zone\/saccisica-v2\/wp-content\/uploads\/sites\/7\/2013\/04\/renata-foto-artistiche-2008-012-150x150.jpg","type":"","width":"","height":""}],"twitter_card":"summary_large_image","twitter_misc":{"Tempo di lettura stimato":"3 minuti"},"schema":{"@context":"https:\/\/schema.org","@graph":[{"@type":"WebPage","@id":"https:\/\/customer-88-99-224-156.brandprotection.zone\/saccisica-v2\/arte-e-cultura-in-saccisica\/renata-benvegnu\/","url":"https:\/\/customer-88-99-224-156.brandprotection.zone\/saccisica-v2\/arte-e-cultura-in-saccisica\/renata-benvegnu\/","name":"Renata Benvegn\u00f9 - Visit Saccisica | Turismo e territorio della Saccisica","isPartOf":{"@id":"https:\/\/customer-88-99-224-156.brandprotection.zone\/saccisica-v2\/#website"},"datePublished":"2013-04-17T15:11:16+00:00","dateModified":"2018-01-24T21:30:31+00:00","breadcrumb":{"@id":"https:\/\/customer-88-99-224-156.brandprotection.zone\/saccisica-v2\/arte-e-cultura-in-saccisica\/renata-benvegnu\/#breadcrumb"},"inLanguage":"it-IT","potentialAction":[{"@type":"ReadAction","target":["https:\/\/customer-88-99-224-156.brandprotection.zone\/saccisica-v2\/arte-e-cultura-in-saccisica\/renata-benvegnu\/"]}]},{"@type":"BreadcrumbList","@id":"https:\/\/customer-88-99-224-156.brandprotection.zone\/saccisica-v2\/arte-e-cultura-in-saccisica\/renata-benvegnu\/#breadcrumb","itemListElement":[{"@type":"ListItem","position":1,"name":"Home","item":"https:\/\/customer-88-99-224-156.brandprotection.zone\/saccisica-v2\/"},{"@type":"ListItem","position":2,"name":"Personaggi della Saccisica","item":"https:\/\/customer-88-99-224-156.brandprotection.zone\/saccisica-v2\/arte-e-cultura-in-saccisica\/"},{"@type":"ListItem","position":3,"name":"Renata Benvegn\u00f9"}]},{"@type":"WebSite","@id":"https:\/\/customer-88-99-224-156.brandprotection.zone\/saccisica-v2\/#website","url":"https:\/\/customer-88-99-224-156.brandprotection.zone\/saccisica-v2\/","name":"Visit Saccisica | Turismo e territorio della Saccisica","description":"VisitSaccisica, 100% privata by TerritoriOnline SRL | +39 049 4906747","potentialAction":[{"@type":"SearchAction","target":{"@type":"EntryPoint","urlTemplate":"https:\/\/customer-88-99-224-156.brandprotection.zone\/saccisica-v2\/?s={search_term_string}"},"query-input":{"@type":"PropertyValueSpecification","valueRequired":true,"valueName":"search_term_string"}}],"inLanguage":"it-IT"}]}},"_links":{"self":[{"href":"https:\/\/customer-88-99-224-156.brandprotection.zone\/saccisica-v2\/wp-json\/wp\/v2\/pages\/793","targetHints":{"allow":["GET"]}}],"collection":[{"href":"https:\/\/customer-88-99-224-156.brandprotection.zone\/saccisica-v2\/wp-json\/wp\/v2\/pages"}],"about":[{"href":"https:\/\/customer-88-99-224-156.brandprotection.zone\/saccisica-v2\/wp-json\/wp\/v2\/types\/page"}],"author":[{"embeddable":true,"href":"https:\/\/customer-88-99-224-156.brandprotection.zone\/saccisica-v2\/wp-json\/wp\/v2\/users\/1"}],"replies":[{"embeddable":true,"href":"https:\/\/customer-88-99-224-156.brandprotection.zone\/saccisica-v2\/wp-json\/wp\/v2\/comments?post=793"}],"version-history":[{"count":2,"href":"https:\/\/customer-88-99-224-156.brandprotection.zone\/saccisica-v2\/wp-json\/wp\/v2\/pages\/793\/revisions"}],"predecessor-version":[{"id":7280,"href":"https:\/\/customer-88-99-224-156.brandprotection.zone\/saccisica-v2\/wp-json\/wp\/v2\/pages\/793\/revisions\/7280"}],"up":[{"embeddable":true,"href":"https:\/\/customer-88-99-224-156.brandprotection.zone\/saccisica-v2\/wp-json\/wp\/v2\/pages\/93"}],"wp:attachment":[{"href":"https:\/\/customer-88-99-224-156.brandprotection.zone\/saccisica-v2\/wp-json\/wp\/v2\/media?parent=793"}],"curies":[{"name":"wp","href":"https:\/\/api.w.org\/{rel}","templated":true}]}}